ppose 44 = -4*p + 8*p. Suppose 4*i + p = 43. Let n = 10 + -2. What is the greatest common factor of i and n?
8
Let f(t) = -t**3 + 2*t**2 + 2*t + 2. Let y be (-15)/(-4) - 3/4. Let z be f(y). Let b be 3 - (1 - z/1). Calculate the highest common factor of 7 and b.
1
Let r = 3 - 0. Suppose 13 = r*j - 17. Suppose -5*s = -25, 30 = 5*m - s + 5*s. What is the highest common divisor of m and j?
2
Let a be (33/2 - 6)*(-20)/(-15). Calculate the greatest common divisor of 266 and a.
14
Let d(v) = v**3 + 11*v**2 - v - 5. Let z be 4/(-6)*99/6. Let x be d(z). Calculate the highest common factor of 3 and x.
3
Suppose -84 = -3*t - f, 2*f + 2*f = 3*t - 84. Calculate the highest common divisor of 35 and t.
7
Let t(i) = -i**3 - i**2 + 32*i + 20. Let a be t(0). Calculate the highest common factor of 2460 and a.
20
Suppose 4*c + 102 = 342. Let w = 94 - c. What is the highest common divisor of w and 272?
34
Let c = -3 - -4. Let b be (c/(-2)*0)/2. Suppose -2*i + 58 + 118 = b. Calculate the highest common divisor of 8 and i.
8
Let l = -422 + 854. What is the highest common factor of l and 135?
27
Let x = 65 + -60. Suppose 4*h - q = 153, 9*h = x*h + 2*q + 150. What is the greatest common divisor of h and 312?
39
Let o(p) = -p**3 + 24*p**2 - 22*p - 21. Let d be o(21). Calculate the greatest common factor of 12 and d.
12
Let k = 592 - 528. Calculate the greatest common factor of 64 and k.
64
Suppose -22*t + 3086 = -29078. Calculate the greatest common factor of t and 86.
86
Let n be 2 - (-2 + -30 - 2). Suppose -738 = -36*g - 5*g. Calculate the greatest common factor of n and g.
18
Suppose r - 20 = k, -r - 4*k = -4*r + 59. Let s(j) = -j**3 + 17*j**2 + 7*j - 35. Let v be s(17). Calculate the greatest common factor of r and v.
21
Let d(j) = j + 2. Let k be d(3). Let s(q) = q**2 - q**3 - 1 - 2*q + 5*q**2 - 4 + 0*q**2. Let b be s(k). Calculate the greatest common factor of 80 and b.
10
Let s = -19 - -24. Suppose 0 = 3*j + s*d - 515, -173 - 12 = -j + 5*d. Suppose 0 = 3*q, -6*k - 2*q = -k - j. Calculate the greatest common factor of k and 14.
7
Suppose 3*z = -3*x + 627, -z - 31*x = -28*x - 213. Calculate the highest common factor of z and 9.
9
Suppose 3*l + 4 - 19 = 0. Suppose -d + l*w + 606 = 0, -3*d + 5*w + 1808 = -0*d. Suppose -169 = 4*o - d. Calculate the highest common factor of 27 and o.
27
Suppose 17*b = 18*b - 51. Calculate the highest common divisor of b and 289.
17
Let u be (1 + 58/4)*2. Let c = 343 - 2. Calculate the highest common divisor of u and c.
31
Suppose u - 36 = -4*c + 4, 155 = 5*u + 5*c. Suppose y - 3 = -r - y, 0 = -5*r + 3*y + u. Let h = -2 + r. Calculate the highest common factor of h and 21.
3
Suppose 0 = -12*w + 215 + 73. Calculate the greatest common factor of w and 68.
4
Let s(r) be the second derivative of 13/2*r**2 - 5/6*r**4 - 7*r + 0 - 3/2*r**3 - 1/20*r**5. Let h be s(-9). Calculate the greatest common divisor of h and 39.
13
Let k(w) = -w**3 + 14*w**2 + 32*w + 4. Let s be k(16). Let f be 101/(-1 + 2) + s. Calculate the greatest common factor of 30 and f.
15
Let v be (-96)/(-10)*(-17)/(51/(-80)). Calculate the greatest common divisor of v and 16.
16
Let n(y) = y**3 + 4*y**2 - 6*y - 6. Let l be n(-4). Let r(z) = z + 53. Let f be r(-18). Let c = f - 26. Calculate the highest common divisor of l and c.
9
Suppose 2*b = 3*m + 68, 5*b + 9 = m + 205. Calculate the greatest common factor of 680 and b.
40
Suppose d + 4*x = 1632, -299*d + 1664 = -298*d - 4*x. What is the greatest common factor of 32 and d?
16
Let i be 3*(-1)/1 + 290. Suppose 51*f - 41*f = 410. What is the highest common divisor of f and i?
41
Suppose -3*f + 2*w = -86, -25 + 65 = f + 5*w. Suppose 0 = k + 5, 5*h = 5*k - 0 + f. Let j be 1*7*(1 - 0). Calculate the highest common divisor of j and h.
1
Let y = 1108 + -1059. What is the highest common divisor of 189 and y?
7
Let p be 1*6/21 + 1004/14. Suppose -15*d - p = -18*d. What is the highest common divisor of d and 36?
12
Let h(p) = 5*p**2 + 12*p - 7 - 3*p + 13. Let d be h(-2). What is the highest common divisor of d and 56?
8
Let r = 26 - 59. Let y be -2 + (-304)/(-3) - 22/r. What is the highest common divisor of 20 and y?
20
Suppose -5*n = 0, 0*j - 5*n - 34 = -2*j. Let c(o) = o**3 - 20*o**2 - 41*o + 19. Let u be c(22). What is the highest common divisor of j and u?
17
Let k(f) = 37*f + 832. Let s be k(-22). Suppose -5*m + 0 = -4*a + 2, 2*m - 4*a = -8. Calculate the highest common divisor of m and s.
2
Suppose -x = 4*t - 43, 4*x - 5*t + 1 = 152. What is the highest common divisor of x and 3?
3
Let n be -78*(3 - 20/6). Let d = -1 - n. Let u be 20/6 + (-18)/d. Calculate the highest common factor of u and 2.
2
Let k be (76/16 - -8)/((-3)/(-8)). Calculate the greatest common factor of 1326 and k.
34
Let r(v) = 14*v**3 + 2*v**2 - 2. Let m be r(1). Let o be 1*m + (-2 - -1). Calculate the highest common factor of o and 143.
13
Let y(l) = 3*l**2 - l + 26. Let t be y(5). What is the highest common factor of t and 3?
3
Let b be 1 + ((-15)/(-6))/(1/(-2)). Let i be (-189)/(-12) + -3 - 1/b. Calculate the highest common divisor of i and 117.
13
Suppose -3*r + 244 = 88. What is the greatest common factor of r and 26?
26
Suppose 16*v - 660 = 6*v. Let m(s) = -3*s. Let t be m(-2). What is the highest common factor of v and t?
6
Let s(d) = 1. Let n(o) = -o**2 + 9*o - 14. Let j(f) = n(f) + 4*s(f). Let z be j(5). Suppose -5*c + 27 = 2. Calculate the greatest common divisor of z and c.
5
Suppose 3*m - 2*u - 35 = 11, -5*m + 80 = -4*u. Suppose 5*l + 4 = 3*l. Let g be 3 - (l - -1 - 44). Calculate the highest common divisor of m and g.
12
Suppose 5*c + 14 = 59. Suppose 6*p + 9 = 75. Let v = p + c. Calculate the greatest common divisor of 160 and v.
20
Suppose 0 = -25*t - t + 4420. Let g be (-1)/(-1 - (-36)/40). Calculate the highest common divisor of g and t.
10
Suppose v - 2 - 1 = 0. Suppose -v*n - 177 - 40 = -2*u, -2*u - 3*n + 223 = 0. Let x(r) = 9*r - 26. Let g be x(4). Calculate the highest common factor of u and g.
10
Suppose -98*d - 374 = -109*d. Calculate the highest common divisor of d and 782.
34
Suppose 0*h + 4*h - 16 = 0. Suppose 0*x - h*x = -320. Suppose 595*p - 614*p = -380. Calculate the highest common divisor of x and p.
20
Let o(z) = z**2 + 3*z - 1. Let i be o(-5). Let t(m) = 3*m**2 - 6*m - 47. Let g be t(-9). Let u = -178 + g. Calculate the highest common factor of i and u.
9
Suppose 76*o + 430 = 81*o. Calculate the greatest common factor of o and 2.
2
Suppose -k + 5*x + 8 = 0, -3*k = -3*x - 0*x - 12. Suppose 3*r - 19 = 4*f, -5*r - f + 10 = 9. Calculate the greatest common factor of k and r.
1
Suppose -4*h = -5*t - 2191, -h - 3*t - t = -532. Calculate the greatest common divisor of 17 and h.
17
Let u be 19 + (41/13 - (-6)/(-39)). Calculate the greatest common divisor of 253 and u.
11
Let y(b) = -b**2 + 2*b - 4. Let p be y(-5). Let o = 35 + p. Let s = o + 16. Calculate the greatest common divisor of 8 and s.
4
Let t be (4/10)/(11/(-55)) + 218. What is the greatest common factor of t and 24?
24
Suppose 3*a = -2*i - 7, -i + 2*a = 7*a + 21. Let f(v) = 7*v**2 - 3*v + 20. Let s be f(i). What is the highest common divisor of 30 and s?
30
Suppose -3*r - 14 = -5*n - 0*n, -5*n - r + 22 = 0. Let s(z) = z**2 + 3*z - 8. Let f be s(n). What is the greatest common factor of 4 and f?
4
Let n(f) = -f**2 - 5*f + 7. Let t be n(-6). Suppose -3 = j + t. Let k be 57 + j + 3/3. What is the greatest common factor of k and 6?
6
Let b = -30 - -155. Suppose 4*i + 5*x - 116 = -1, 0 = -4*i - 3*x + 109. What is the highest common factor of i and b?
25
Let s(v) = -16*v**3 - 7*v**2 - 7*v + 13. Let y be s(-3). Calculate the greatest common divisor of y and 13.
13
Let p(s) = -4*s - 4. Let b be p(-2). Suppose -2*d = 3*a - 5, -2*a + b + 10 = -4*d. Suppose 0 = l - 31 + a. What is the greatest common divisor of 4 and l?
4
Let p(y) = -19*y - 13*y**3 + 42 - 15*y**3 + 29*y**3 - 17*y**2. Let q be p(18). Let c = 8 - 5. Calculate the greatest common divisor of c and q.
3
Let o(i) = -11*i + 27. Let g be o(-13). Suppose -5*f - g = -0*l - 4*l, 110 = -3*f + 4*l. Let p be 4 - 1*f/5. Calculate the greatest common factor of p and 4.
2
Let d(u) = 33*u - 1. Let j be d(1). Let s = -7 - 1. Let a = 12 + s. Calculate the highest common factor of j and a.
4
Let y(z) = 2*z**2 - z - 3. Let f be y(-3). L